) in base 6?
10112551
-8018838 (base 9) to base 15
-5938be
4452505 (base 6) to base 5
24143300
Convert -36315 (base 14) to base 4.
-200103133
Convert -9b3b5 (base 12) to base 9.
-343762
What is 11132442244 (base 5) in base 7?
210213252
-312202230 (base 5) to base 7
-13642364
-2ba4a9 (base 13) to base 10
-1079542
What is 101101001111110101010 (base 2) in base 10?
1482666
Convert d32b6 (base 14) to base 9.
854087
What is -322577 (base 10) in base 14?
-857b3
10001110110011011111111 (base 2) to base 7
54526430
Convert -5de0 (base 15) to base 10.
-20010
Convert -4512420 (base 6) to base 4.
-313200330
Convert 25bc0b (base 13) to base 15.
130182
What is -350761 (base 8) in base 7?
-1004521
127473 (base 11) to base 16
30e16
What is 9a222 (base 11) in base 16?
237c1
ba95b0 (base 14) to base 9
12811638
Convert -1c11d (base 16) to base 14.
-2dc85
What is -62473 (base 11) in base 7?
-526342
What is -33403 (base 16) in base 3?
-101122221221
54285 (base 16) to base 9
574760
64b2c1 (base 13) to base 2
1001000001110011001000
-29aea (base 15) to base 7
-1065643
What is -69a72 (base 11) in base 14?
-28bc6
Convert 12314430 (base 7) to base 14.
20d9c0
101441341 (base 5) to base 13
119abb
Convert -118159 (base 11) to base 8.
-554235
Convert -196418 (base 10) to base 9.
-328382
What is -13381124 (base 9) in base 4?
-121031032033
What is -1225155 (base 6) in base 9?
-110418
Convert c8be5 (base 15) to base 8.
2334406
104036 (base 15) to base 16
bcb3e
Convert -3323 (base 13) to base 6.
-52555
11210022102 (base 3) to base 13
33ba5
Convert -ec58b (base 16) to base 11.
-601369
Convert 8276d (base 15) to base 13.
116242
What is -3616033 (base 7) in base 8?
-1577040
-1549c (base 15) to base 4
-100233003
What is -5af73e (base 16) in base 15?
-7cb5a9
Convert 2833998 (base 10) to base 8.
12637116
What is -149638 (base 15) in base 11?
-619601
-204041440 (base 5) to base 4
-3032222133
Convert 357213 (base 13) to base 11.
799a93
Convert -41691a (base 14) to base 12.
-8a5910
Convert a7c6 (base 16) to base 2.
1010011111000110
Convert -2b56e (base 15) to base 6.
-2554152
What is 75658 (base 12) in base 4?
211301210
7231405 (base 9) to base 16
3ae1ee
Convert 1102002232 (base 4) to base 11.
20a527
What is -2162758 (base 9) in base 7?
-12613523
Convert -32315253 (base 6) to base 16.
-ea1d1
Convert 11132434 (base 5) to base 2.
11000001100101111
-145624 (base 10) to base 2
-100011100011011000
220232203210 (base 4) to base 7
156514453
4519c (base 13) to base 5
13004102
135a70 (base 15) to base 6
31535440
1240204401 (base 5) to base 15
404c1b
What is -162e99c (base 15) in base 16?
-f5a10b
Convert 8284 (base 14) to base 6.
251552
10001010011000001100101 (base 2) to base 16
453065
-2a0117 (base 12) to base 2
-10101100001010100011
-79911a (base 11) to base 9
-2346736
What is 20c9 (base 16) in base 7?
33320
-81f1d (base 16) to base 4
-2001330131
Convert -12020230 (base 7) to base 11.
-667247
-32241 (base 10) to base 6
-405133
-506314 (base 9) to base 16
-49363
What is 102798 (base 11) in base 4?
220030323
What is 657a9 (base 12) in base 10?
134193
-936726 (base 12) to base 16
-234b8e
Convert -330563 (base 9) to base 15.
-3d6cc
Convert c02160 (base 13) to base 16.
440e7d
1307800 (base 10) to base 2
100111111010010011000
Convert 3891a0 (base 11) to base 5.
124044431
Convert -287450 (base 10) to base 5.
-33144300
What is 2703767 (base 10) in base 4?
22110012113
What is 3456153 (base 8) in base 16?
e5c6b
Convert 21200321 (base 4) to base 9.
58408
What is 10755624 (base 8) in base 2?
1000111101101110010100
Convert -15d (base 14) to base 13.
-186
40675177 (base 8) to base 5
4201212300
What is -5cccd (base 16) in base 14?
-9c749
647762 (base 8) to base 4
310333302
Convert 112221313 (base 4) to base 3.
11201021201
-20201000112201 (base 3) to base 5
-1403004040
Convert -22112120221 (base 3) to base 16.
-290a4
What is -136958 (base 14) in base 12?
-284642
152042142 (base 7) to base 12
3485273
Convert -23844 (base 11) to base 16.
-85f3
What is 180750 (base 10) in base 16?
2c20e
What is 1420767 (base 9) in base 10?
781387
What is -6a472 (base 11) in base 5?
-11223334
Convert -ce53e (base 15) to base 7.
-5401226
Convert 30798 (base 13) to base 14.
239b9
What is 5413001 (base 6) in base 3?
111112100001
Convert -608272 (base 13) to base 11.
-12a4305
Convert 1001211202211 (base 3) to base 6.
20100204
Convert 1656404 (base 8) to base 15.
97eae
What is -636531 (base 9) in base 10?
-378784
What is 248a9 (base 13) in base 6?
1240013
-6542147 (base 10) to base 5
-3133322042
121110212 (base 4) to base 13
38294
Convert 404234132 (base 5) to base 3.
10001222222012
What is -4a679 (base 12) in base 8?
-305475
23034402 (base 5) to base 4
302030202
541686 (base 13) to base 2
111100001111100001110
What is -1a4731 (base 13) in base 12?
-281b42
37099d (base 14) to base 16
1cc07f
Convert -100010110001011001 (base 2) to base 5.
-14024200
What is 1a0842 (base 11) in base 4?
1023103323
Convert -11012002001020 (base 3) to base 10.
-2225670
104355134 (base 7) to base 8
30017734
-535247 (base 8) to base 12
-87607
What is 6395 (base 16) in base 2?
110001110010101
Convert c2ee (base 16) to base 4.
30023232
What is -17b36 (base 12) in base 3?
-1202021020
What is -11633005 (base 8) in base 14?
-4ac6c5
What is 20561311 (base 7) in base 6?
101231241
-1100110001000100 (base 2) to base 7
-305312
322c25 (base 13) to base 12
489492
-52fad (base 16) to base 6
-11141313
Convert 2bc4e (base 16) to base 10.
179278
Convert -623010 (base 10) to base 2.
-10011000000110100010
What is -1a10ac (base 14) in base 4?
-3201303100
What is a20440 (base 11) in base 6?
55054024
-301c8 (base 13) to base 8
-250000
-12200000222221 (base 3) to base 11
-1778148
What is -336375 (base 10) in base 5?
-41231000
21662342 (base 7) to base 4
13023030032
Convert 131341315 (base 6) to base 13.
6cb17a
4442034 (base 5) to base 11
5347a
What is -88482 (base 12) in base 2?
-101100000010100010
-216a764 (base 12) to base 4
-120101212330
Convert 2584881 (base 10) to base 6.
131223013
c4500 (base 13) to base 5
42233430
7364106 (base 9) to base 14
747a03
Convert -10005240 (base 7) to base 12.
-3397a0
Convert -95bd98 (base 14) to base 7.
-61024551
-190312 (base 13) to base 10
-628864
What is 15b6c6 (base 13) in base 6?
15321225
What is -48aa8 (base 12) in base 6?
-2035132
Convert a175 (base 16) to base 7.
231335
1241532 (base 7) to base 15
32ca3
What is 157125 (base 10) in base 4?
212113011
Convert 209425 (base 10) to base 14.
5646d
What is 535400 (base 9) in base 4?
1031312301
-11126215 (base 7) to base 10
-964969
3412131 (base 6) to base 15
3633a
What is 2302020213 (base 4) in base 9?
1331780
Convert 1caa23c (base 13) to base 10.
9590294
-3250425 (base 6) to base 4
-213211301
Convert 10023200240 (base 5) to base 10.
9975070
Convert -716e9b (base 15) to base 4.
-110203313210
14a818 (base 14) to base 8
2577206
Convert 215230251 (base 6) to base 15.
51d2b1
173800 (base 9) to base 5
11422221
What is 236334 (base 16) in base 10?
2319156
Convert -3b086 (base 13) to base 10.
-109960
What is 8bc5 (base 14) in base 5?
1234111
-11020034422 (base 5) to base 6
-1102324211
1110133203 (base 5) to base 16
2509a7
What is -322252 (base 8) in base 2?
-11010010010101010
What is 611132 (base 7) in base 11?
70975
Convert 143204341 (base 5) to base 16.
b8c6e
What is 723884 (base 9) in base 4?
1220311000
212020213 (base 6) to base 11
2121304
-7040382 (base 11) to base 14
-1924b20
-18768 (base 15) to base 12
-39a82
What is 110100100101011100110 (base 2) in base 15?
240840
What is -502658 (base 9) in base 10?
-297242
Convert 22416614 (base 7) to base 2.
111011101001001001000
Convert -26769 (base 11) to base 8.
-112456
Convert -10202200200 (base 3) to base 2.
-10010000110010101
Convert 11001000101000010100 (base 2) to base 15.
113755
Convert -78434 (base 9) to base 8.
-145622
What is 743364 (base 8) in base 5?
30410130
Convert 14324 (base 15) to base 6.
1220054
Convert 13887340 (base 9) to base 10.
6907554
263ba (base 13) to base 4
101110310
What is 1cb724 (base 14) in base 7?
11521044
What is -1242014 (base 6) in base 5?
-4132314
-230313222 (base 4) to base 16
-2cdea
What is -1136670 (base 9) in base 11?
-390149
What is -39ffa (base 16) in base 11?
-152536
45704 (base 9) to base 15
905a
What is -9d